{"id":998,"date":"2026-02-27T10:32:23","date_gmt":"2026-02-27T09:32:23","guid":{"rendered":"https:\/\/patca.hu\/?page_id=998"},"modified":"2026-02-27T10:48:08","modified_gmt":"2026-02-27T09:48:08","slug":"zselici-kerekparos-turisztikai-halozat-kialakitasa-es-fejlesztese","status":"publish","type":"page","link":"https:\/\/patca.hu\/?page_id=998","title":{"rendered":"Zselici ker\u00e9kp\u00e1ros-turisztikai h\u00e1l\u00f3zat kialak\u00edt\u00e1sa \u00e9s fejleszt\u00e9se"},"content":{"rendered":"\n<p style=\"font-size:21px\">A projekt c\u00edme: Zselici ker\u00e9kp\u00e1ros-turisztikai h\u00e1l\u00f3zat kialak\u00edt\u00e1sa \u00e9s fejleszt\u00e9se<\/p>\n\n\n\n<p style=\"font-size:21px\">Projekt azonos\u00edt\u00f3: TOP-1.2.1-15-SO1-2016-00015<\/p>\n\n\n\n<p style=\"font-size:21px\">A projekt teljes k\u00f6lts\u00e9ge: 1.560.000.000 Ft<\/p>\n\n\n\n<p style=\"font-size:21px\">A t\u00e1mogat\u00e1s \u00f6sszege: 1.560.000.000 Ft<\/p>\n\n\n\n<p style=\"font-size:21px\">T\u00e1mogat\u00e1si intenzit\u00e1s 100 %<\/p>\n\n\n\n<p style=\"font-size:21px\">A projekt kezdete: 2017. 08. 01.<\/p>\n\n\n\n<p style=\"font-size:21px\">A projekt t\u00e9nyleges befejez\u00e9se: 2023.12.30.<\/p>\n\n\n\n<p class=\"justify-text\" style=\"font-size:21px\">Projekt c\u00e9lja: A Zselici t\u00e1jegys\u00e9g turisztikai attrakci\u00f3t \u00f6sszek\u00f6t\u0151, lehet\u0151s\u00e9g szerint a kaposv\u00e1ri megl\u00e9v\u0151 ker\u00e9kp\u00e1rutakhoz csatlakoz\u00f3, ker\u00e9kp\u00e1r\u00fat \u00e9p\u00edt\u00e9se 8 telep\u00fcl\u00e9s \u00f6sszefog\u00e1s\u00e1ban \u00e9s k\u00f6zigazgat\u00e1si ter\u00fclet\u00e9n. A meg\u00e9p\u00fclt \u00fatvonal mindk\u00e9t v\u00e9g\u00e9n kaposv\u00e1ri megl\u00e9v\u0151 ker\u00e9kp\u00e1r\u00fathoz csatlakozik, a teljes nyomvonal Szenna-Patca-Szilv\u00e1sszentm\u00e1rton-B\u0151sz\u00e9nfa-Simonfa-Zselickisfalud-Zselickislak telep\u00fcl\u00e9seket \u00e9s az itt elhelyezked\u0151 turisztikai attrakci\u00f3kat \u00e9rinti. A ker\u00e9kp\u00e1r\u00fat ment\u00e9n 6 telep\u00fcl\u00e9sen ker\u00e9kp\u00e1ros pihen\u0151, ezen bel\u00fcl 2 k\u00f6zs\u00e9gben szerviz \u00e9s k\u00f6lcs\u00f6nz\u0151, 1 helyen szerviz is l\u00e9tes\u00fcl. A ker\u00e9kp\u00e1r\u00fat \u00e9p\u00edt\u00e9se sor\u00e1n megl\u00e9v\u0151 ker\u00e9kp\u00e1rutakra, vegyes forgalmi utakra \u00e9s az erd\u0151gazdas\u00e1g \u00fczemi \u00fatjaira alapozva t\u00f6bb, mint 50 km j\u00f3l ker\u00e9kp\u00e1rozhat\u00f3, d\u00f6nt\u0151en csod\u00e1latos term\u00e9szeti k\u00f6rnyezetben erd\u0151ben haszn\u00e1lhat\u00f3 \u00fat l\u00e9tes\u00fclt. Jelen projekt a Simonfai K\u00f6z\u00f6s \u00d6nkorm\u00e1nyzati Hivatalhoz tartoz\u00f3 telep\u00fcl\u00e9sek \u00f6sszefog\u00e1sak\u00e9nt ker\u00fclt megval\u00f3s\u00edt\u00e1sra, 8 telep\u00fcl\u00e9s \u00e9s a Hivatal konzorciumi form\u00e1ban p\u00e1ly\u00e1zott a &#8222;Zselicet&#8221; \u00e1t\u00edvel\u0151 ker\u00e9kp\u00e1r\u00fat l\u00e9trehoz\u00e1s\u00e1ra. Ezzel elindulhat a &#8222;Bring\u00e1zz a Zselicben&#8221; mozgalom, amely a t\u00e1jegys\u00e9g f\u0151bb nevezetess\u00e9geit ker\u00e9kp\u00e1rral teszi el\u00e9rhet\u0151v\u00e9, \u00f6sszek\u00f6tve Kaposv\u00e1rral mindk\u00e9t v\u00e9g\u00e9n, egy \u00faj akt\u00edv turisztikai \u00fatvonalat l\u00e9trehozva Somogy megy\u00e9ben. T\u00f6bb turisztikai szerepl\u0151 egy\u00fcttm\u0171k\u00f6d\u00e9s\u00e9n alapul\u00f3 ter\u00fcletileg komplex fejleszt\u00e9st hoztunk l\u00e9tre, ez\u00e1ltal t\u00e9rs\u00e9gileg integr\u00e1lt fejleszt\u00e9s, rendelkez\u00e9sre \u00e1ll\u00f3 turisztikai forr\u00e1sok hat\u00e9kony felhaszn\u00e1l\u00e1sa, aturisztikai egy\u00fcttm\u0171k\u00f6d\u00e9sek sz\u00e9les\u00edt\u00e9se, turisztikai vonzer\u0151k h\u00e1l\u00f3zatosod\u00e1sa, a kisebb turisztikaipotenci\u00e1llal rendelkez\u0151 telep\u00fcl\u00e9sek vonzer\u0151i egys\u00e9ges tematika al\u00e1 rendez\u00e9se val\u00f3sult meg \u00d6n\u00e1ll\u00f3an nem t\u00e1mogathat\u00f3 tev\u00e9kenys\u00e9gk\u00e9nt megval\u00f3sult eszk\u00f6zbeszerz\u00e9s is, melybenk\u00f6lcs\u00f6n\u00f6zhet\u0151 ker\u00e9kp\u00e1rokat szerezt\u00fcnk be, valamint az attrakci\u00f3k k\u00f6zvetlen k\u00f6rnyezet\u00e9nek parkos\u00edt\u00e1s, inform\u00e1ci\u00f3s t\u00e1bl\u00e1k, pihen\u0151helyek, ker\u00e9kp\u00e1r parkol\u00f3k, t\u00e1rol\u00f3k \u00e9s t\u00e1maszok fejleszt\u00e9se is megt\u00f6rt\u00e9nt. Akad\u00e1lymentes\u00edt\u00e9s az \u00e9p\u00fcletek tekintet\u00e9ben mindenhol megt\u00f6rt\u00e9nt. A sikeres megval\u00f3s\u00edt\u00e1shoz elengedhetetlen a marketing tev\u00e9kenys\u00e9g, \u00edgy a fejlesztett turisztikai attrakci\u00f3 piacra vitel\u00e9hez kapcsol\u00f3d\u00f3 \u00fczleti marketingtev\u00e9kenys\u00e9g, prom\u00f3ci\u00f3, marketingkamp\u00e1ny val\u00f3sult meg, hiszen ez\u00e1ltal tudjuk biztos\u00edtani a tervezett kihaszn\u00e1lts\u00e1got \u00e9s a turist\u00e1k sz\u00e1m\u00e1nak n\u00f6vel\u00e9s\u00e9t a Zselici t\u00e1jegys\u00e9gben. Energiahat\u00e9konys\u00e1gi int\u00e9zked\u00e9sek a pihen\u0151helyek k\u00f6rnyezet\u00e9ben megval\u00f3sult, a nyilv\u00e1noss\u00e1g biztos\u00edt\u00e1sa a k\u00f6telez\u0151 tartalomnak megfelel. A projekt eredm\u00e9nyek\u00e9nt l\u00e9trej\u00f6tt Zselici ker\u00e9kp\u00e1ros-turisztikai h\u00e1l\u00f3zat egy megk\u00f6zel\u00edt\u0151leg 50 km-es ker\u00e9kp\u00e1roz\u00e1si lehet\u0151s\u00e9get k\u00edn\u00e1l\u00f3 k\u00f6rbej\u00e1rhat\u00f3 t\u00fara\u00fatvonal, amely a Zselici t\u00e1jv\u00e9delmi k\u00f6rzet gy\u00f6ny\u00f6r\u0171 term\u00e9szeti \u00e9rt\u00e9kein halad kereszt\u00fcl gyakori pihen\u0151kkel, valamint ki\u00e9p\u00edtett magas sz\u00ednvonal\u00fa ker\u00e9kp\u00e1ros szolg\u00e1ltat\u00e1sokkal (ker\u00e9kp\u00e1r k\u00f6lcs\u00f6nz\u00e9s, szerviz, mos\u00f3, t\u00e1rol\u00f3k, stb.). Az \u00fatvonalhoz mindemellett gazdag kultur\u00e1lis \u00e9s \u00f6koturisztikai attrakci\u00f3 k\u00edn\u00e1lat kapcsol\u00f3dik. A projekt kapcsol\u00f3dik m\u00e1r l\u00e9tez\u0151 attrakci\u00f3khoz, azokat f\u0171zi fel egy h\u00e1l\u00f3zatra. A fejleszt\u00e9s jelent\u0151s turisztikai forgalommal rendelkez\u0151 attrakci\u00f3kat k\u00f6t \u00f6ssze, pl. Patca Katica-tanya, Szenna Falum\u00fazeum, B\u0151sz\u00e9nfai Szarvasfarm, a Zselici erd\u0151 turisztikai \u00e9p\u00edtm\u00e9nyei (Ez\u00fcsth\u00e1rsas, Zselici Csillagpark, Kardosfai Kast\u00e9ly, kil\u00e1t\u00f3, egy\u00e9b pihen\u0151helyek). Patca \u00e9s Szenna \u00d6nkorm\u00e1nyzata, mint konzorciumi partnerek, tagjai a helyi regisztr\u00e1lt TDM szervezetnek.<\/p>\n\n\n\n<p class=\"justify-text\" style=\"font-size:21px\">A projekt \u00fczleti lehet\u0151s\u00e9get biztos\u00edt KKV-k sz\u00e1m\u00e1ra, k\u00f6zvetlen\u00fcl a ker\u00e9kp\u00e1ros pihen\u0151helyek \u00fczemeltet\u00e9se, k\u00f6zvetve a megn\u00f6vekedett l\u00e1togat\u00f3sz\u00e1m pl. vend\u00e9gl\u00e1t\u00f3\/sz\u00e1ll\u00e1shelyeken t\u00f6rt\u00e9n\u0151 kiszolg\u00e1l\u00e1sa r\u00e9v\u00e9n. A konzorcium emellett szakmai egy\u00fcttm\u0171k\u00f6d\u00e9st val\u00f3s\u00edt meg a turizmusban \u00e9rintett szervezetekkel \u00e9s a v\u00e1llalkoz\u00e1sokkal. A helyi TDM szervezettel egyeztetett r\u00e9szletes marketingstrat\u00e9gia k\u00e9sz\u00fclt.. A t\u00e1mogatott l\u00e9tes\u00edtm\u00e9nyek eg\u00e9sz \u00e9vben, legal\u00e1bb az \u00e9v 270 napj\u00e1n nyitva fognak tartani. A f\u0151szezonban heti 5 napon, naponta min. 8 \u00f3r\u00e1ban lesz a nyitvatart\u00e1s, a sz\u00fcnnap nem esik majd szombatra, vas\u00e1rnapra \u00e9s \u00fcnnepnapra. Az attrakci\u00f3k k\u00f6rnyezet\u00e9ben a parkol\u00e1s, v\u00edzv\u00e9teli lehet\u0151s\u00e9g \u00e9s szelekt\u00edv hullad\u00e9kgy\u0171jt\u00e9s megoldott. A ker\u00e9kp\u00e1ros-turisztikai \u00fatvonalh\u00e1l\u00f3zat fejleszt\u00e9se turisztikai attrakci\u00f3khoz kapcsol\u00f3dik, konzorcium tagjai v\u00e1llalt\u00e1k a r\u00e1juk es\u0151 szakaszok karbantart\u00e1s\u00e1t a fenntart\u00e1si id\u0151szakban.<\/p>\n\n\n<div class=\"wp-block-image\">\n<figure class=\"aligncenter size-full is-resized\"><img loading=\"lazy\" decoding=\"async\" width=\"1786\" height=\"1206\" src=\"https:\/\/patca.hu\/wp-content\/uploads\/2026\/02\/palyazat1.jpg\" alt=\"\" class=\"wp-image-1037\" style=\"width:auto;height:400px\" srcset=\"https:\/\/patca.hu\/wp-content\/uploads\/2026\/02\/palyazat1.jpg 1786w, https:\/\/patca.hu\/wp-content\/uploads\/2026\/02\/palyazat1-300x203.jpg 300w, https:\/\/patca.hu\/wp-content\/uploads\/2026\/02\/palyazat1-1024x691.jpg 1024w, https:\/\/patca.hu\/wp-content\/uploads\/2026\/02\/palyazat1-768x519.jpg 768w, https:\/\/patca.hu\/wp-content\/uploads\/2026\/02\/palyazat1-1536x1037.jpg 1536w\" sizes=\"auto, (max-width: 1786px) 100vw, 1786px\" \/><\/figure>\n<\/div>","protected":false},"excerpt":{"rendered":"<p>A projekt c\u00edme: Zselici ker\u00e9kp\u00e1ros-turisztikai h\u00e1l\u00f3zat kialak\u00edt\u00e1sa \u00e9s fejleszt\u00e9se Projekt azonos\u00edt\u00f3: TOP-1.2.1-15-SO1-2016-00015 A projekt teljes k\u00f6lts\u00e9ge: 1.560.000.000 Ft A t\u00e1mogat\u00e1s \u00f6sszege: 1.560.000.000 Ft T\u00e1mogat\u00e1si intenzit\u00e1s 100 % A projekt kezdete: 2017. 08. 01. A projekt t\u00e9nyleges befejez\u00e9se: 2023.12.30. Projekt c\u00e9lja: A Zselici t\u00e1jegys\u00e9g turisztikai attrakci\u00f3t \u00f6sszek\u00f6t\u0151, lehet\u0151s\u00e9g szerint a kaposv\u00e1ri megl\u00e9v\u0151 ker\u00e9kp\u00e1rutakhoz csatlakoz\u00f3, ker\u00e9kp\u00e1r\u00fat \u00e9p\u00edt\u00e9se [&hellip;]<\/p>\n","protected":false},"author":1,"featured_media":0,"parent":0,"menu_order":0,"comment_status":"closed","ping_status":"closed","template":"","meta":{"_themeisle_gutenberg_block_has_review":false,"footnotes":""},"class_list":["post-998","page","type-page","status-publish","hentry"],"_links":{"self":[{"href":"https:\/\/patca.hu\/index.php?rest_route=\/wp\/v2\/pages\/998","targetHints":{"allow":["GET"]}}],"collection":[{"href":"https:\/\/patca.hu\/index.php?rest_route=\/wp\/v2\/pages"}],"about":[{"href":"https:\/\/patca.hu\/index.php?rest_route=\/wp\/v2\/types\/page"}],"author":[{"embeddable":true,"href":"https:\/\/patca.hu\/index.php?rest_route=\/wp\/v2\/users\/1"}],"replies":[{"embeddable":true,"href":"https:\/\/patca.hu\/index.php?rest_route=%2Fwp%2Fv2%2Fcomments&post=998"}],"version-history":[{"count":2,"href":"https:\/\/patca.hu\/index.php?rest_route=\/wp\/v2\/pages\/998\/revisions"}],"predecessor-version":[{"id":1059,"href":"https:\/\/patca.hu\/index.php?rest_route=\/wp\/v2\/pages\/998\/revisions\/1059"}],"wp:attachment":[{"href":"https:\/\/patca.hu\/index.php?rest_route=%2Fwp%2Fv2%2Fmedia&parent=998"}],"curies":[{"name":"wp","href":"https:\/\/api.w.org\/{rel}","templated":true}]}}