{"id":736,"date":"2026-01-13T15:28:18","date_gmt":"2026-01-13T14:28:18","guid":{"rendered":"https:\/\/patca.hu\/?page_id=736"},"modified":"2026-01-13T15:29:57","modified_gmt":"2026-01-13T14:29:57","slug":"szekhelyszolgaltatasi-lehetoseg-vallalkozasok-reszere","status":"publish","type":"page","link":"https:\/\/patca.hu\/?page_id=736","title":{"rendered":"Sz\u00e9khelyszolg\u00e1ltat\u00e1si lehet\u0151s\u00e9g v\u00e1llalkoz\u00e1sok r\u00e9sz\u00e9re"},"content":{"rendered":"\n<p class=\"justify-text\" style=\"font-size:21px\">Patca K\u00f6zs\u00e9g \u00d6nkorm\u00e1nyzata kedvez\u0151 felt\u00e9telekkel biztos\u00edt sz\u00e9khelyhaszn\u00e1lati lehet\u0151s\u00e9get v\u00e1llalkoz\u00e1sok \u00e9s gazdas\u00e1gi t\u00e1rsas\u00e1gok r\u00e9sz\u00e9re. <\/p>\n\n\n\n<p class=\"justify-text\" style=\"font-size:21px\">Szolg\u00e1ltat\u00e1sunk c\u00e9lja, hogy jogszer\u0171, \u00e1tl\u00e1that\u00f3 \u00e9s k\u00f6lts\u00e9ghat\u00e9kony megold\u00e1st ny\u00fajtsunk azon c\u00e9gek sz\u00e1m\u00e1ra, amelyek m\u0171k\u00f6d\u00e9s\u00fckh\u00f6z megb\u00edzhat\u00f3 \u00e9s stabil \u00f6nkorm\u00e1nyzati h\u00e1tter\u0171 sz\u00e9khelyet keresnek. <\/p>\n\n\n\n<p class=\"justify-text\" style=\"font-size:21px\">A szolg\u00e1ltat\u00e1s ir\u00e1nt m\u00e1r t\u00f6bb v\u00e1llalkoz\u00e1s \u00e9rdekl\u0151d\u00f6tt, illetve t\u00f6bb partner\u00fcnk jelenleg is ig\u00e9nybe veszi, el\u00e9gedetten. Amennyiben v\u00e1llalkoz\u00e1sa sz\u00e1m\u00e1ra a jelenlegi telephelyen vagy sz\u00e9khelyen jelent\u0151s terhet jelent a helyi ipar\u0171z\u00e9si ad\u00f3 (HIPA), \u00e9rdemes megfontolni a sz\u00e9khely Patc\u00e1ra t\u00f6rt\u00e9n\u0151 \u00e1thelyez\u00e9s\u00e9t, ahol kedvez\u0151bb felt\u00e9teleket tudunk biztos\u00edtani. <\/p>\n\n\n\n<p class=\"justify-text\" style=\"font-size:21px\">Kapcsolatfelv\u00e9tel Tov\u00e1bbi inform\u00e1ci\u00f3 \u00e9s egyeztet\u00e9s c\u00e9lj\u00e1b\u00f3l k\u00e9rj\u00fck, vegye fel vel\u00fcnk a kapcsolatot az al\u00e1bbi el\u00e9rhet\u0151s\u00e9geken:<\/p>\n\n\n\n<p style=\"font-size:21px\">polgarmester@patca.hu<br>info@patca.hu<\/p>\n\n\n\n<p style=\"font-size:21px\">Juh\u00e1szn\u00e9 Fazekas L\u00edvia polg\u00e1rmester<\/p>\n\n\n\n<p><\/p>\n","protected":false},"excerpt":{"rendered":"<p>Patca K\u00f6zs\u00e9g \u00d6nkorm\u00e1nyzata kedvez\u0151 felt\u00e9telekkel biztos\u00edt sz\u00e9khelyhaszn\u00e1lati lehet\u0151s\u00e9get v\u00e1llalkoz\u00e1sok \u00e9s gazdas\u00e1gi t\u00e1rsas\u00e1gok r\u00e9sz\u00e9re. Szolg\u00e1ltat\u00e1sunk c\u00e9lja, hogy jogszer\u0171, \u00e1tl\u00e1that\u00f3 \u00e9s k\u00f6lts\u00e9ghat\u00e9kony megold\u00e1st ny\u00fajtsunk azon c\u00e9gek sz\u00e1m\u00e1ra, amelyek m\u0171k\u00f6d\u00e9s\u00fckh\u00f6z megb\u00edzhat\u00f3 \u00e9s stabil \u00f6nkorm\u00e1nyzati h\u00e1tter\u0171 sz\u00e9khelyet keresnek. A szolg\u00e1ltat\u00e1s ir\u00e1nt m\u00e1r t\u00f6bb v\u00e1llalkoz\u00e1s \u00e9rdekl\u0151d\u00f6tt, illetve t\u00f6bb partner\u00fcnk jelenleg is ig\u00e9nybe veszi, el\u00e9gedetten. Amennyiben v\u00e1llalkoz\u00e1sa sz\u00e1m\u00e1ra a jelenlegi telephelyen [&hellip;]<\/p>\n","protected":false},"author":1,"featured_media":0,"parent":0,"menu_order":0,"comment_status":"closed","ping_status":"closed","template":"","meta":{"_themeisle_gutenberg_block_has_review":false,"footnotes":""},"class_list":["post-736","page","type-page","status-publish","hentry"],"_links":{"self":[{"href":"https:\/\/patca.hu\/index.php?rest_route=\/wp\/v2\/pages\/736","targetHints":{"allow":["GET"]}}],"collection":[{"href":"https:\/\/patca.hu\/index.php?rest_route=\/wp\/v2\/pages"}],"about":[{"href":"https:\/\/patca.hu\/index.php?rest_route=\/wp\/v2\/types\/page"}],"author":[{"embeddable":true,"href":"https:\/\/patca.hu\/index.php?rest_route=\/wp\/v2\/users\/1"}],"replies":[{"embeddable":true,"href":"https:\/\/patca.hu\/index.php?rest_route=%2Fwp%2Fv2%2Fcomments&post=736"}],"version-history":[{"count":3,"href":"https:\/\/patca.hu\/index.php?rest_route=\/wp\/v2\/pages\/736\/revisions"}],"predecessor-version":[{"id":739,"href":"https:\/\/patca.hu\/index.php?rest_route=\/wp\/v2\/pages\/736\/revisions\/739"}],"wp:attachment":[{"href":"https:\/\/patca.hu\/index.php?rest_route=%2Fwp%2Fv2%2Fmedia&parent=736"}],"curies":[{"name":"wp","href":"https:\/\/api.w.org\/{rel}","templated":true}]}}