{"id":546,"date":"2026-01-08T14:48:50","date_gmt":"2026-01-08T13:48:50","guid":{"rendered":"https:\/\/patca.hu\/?page_id=546"},"modified":"2026-01-13T11:27:28","modified_gmt":"2026-01-13T10:27:28","slug":"kozos-hivatal","status":"publish","type":"page","link":"https:\/\/patca.hu\/?page_id=546","title":{"rendered":"K\u00f6z\u00f6s hivatal"},"content":{"rendered":"\n<p class=\"has-text-align-center\" style=\"font-size:24px\"><strong>Simonfai K\u00f6z\u00f6s \u00d6nkorm\u00e1nyzati Hivatal Szennai Kirendelts\u00e9ge<\/strong><\/p>\n\n\n\n<p class=\"has-text-align-center\" style=\"font-size:21px\">C\u00edm: 7477 Szenna, R\u00e1k\u00f3czi utca 8.<br>Telefonsz\u00e1m: 82 \/ 584-024<br>Fax: 82 \/ 584-025<br>E-mail: szenna@kapos-net.hu<\/p>\n\n\n\n<p style=\"font-size:21px\"><\/p>\n","protected":false},"excerpt":{"rendered":"<p>Simonfai K\u00f6z\u00f6s \u00d6nkorm\u00e1nyzati Hivatal Szennai Kirendelts\u00e9ge C\u00edm: 7477 Szenna, R\u00e1k\u00f3czi utca 8.Telefonsz\u00e1m: 82 \/ 584-024Fax: 82 \/ 584-025E-mail: szenna@kapos-net.hu<\/p>\n","protected":false},"author":1,"featured_media":0,"parent":0,"menu_order":0,"comment_status":"closed","ping_status":"closed","template":"","meta":{"_themeisle_gutenberg_block_has_review":false,"footnotes":""},"class_list":["post-546","page","type-page","status-publish","hentry"],"_links":{"self":[{"href":"https:\/\/patca.hu\/index.php?rest_route=\/wp\/v2\/pages\/546","targetHints":{"allow":["GET"]}}],"collection":[{"href":"https:\/\/patca.hu\/index.php?rest_route=\/wp\/v2\/pages"}],"about":[{"href":"https:\/\/patca.hu\/index.php?rest_route=\/wp\/v2\/types\/page"}],"author":[{"embeddable":true,"href":"https:\/\/patca.hu\/index.php?rest_route=\/wp\/v2\/users\/1"}],"replies":[{"embeddable":true,"href":"https:\/\/patca.hu\/index.php?rest_route=%2Fwp%2Fv2%2Fcomments&post=546"}],"version-history":[{"count":2,"href":"https:\/\/patca.hu\/index.php?rest_route=\/wp\/v2\/pages\/546\/revisions"}],"predecessor-version":[{"id":618,"href":"https:\/\/patca.hu\/index.php?rest_route=\/wp\/v2\/pages\/546\/revisions\/618"}],"wp:attachment":[{"href":"https:\/\/patca.hu\/index.php?rest_route=%2Fwp%2Fv2%2Fmedia&parent=546"}],"curies":[{"name":"wp","href":"https:\/\/api.w.org\/{rel}","templated":true}]}}